{"id":21,"date":"2025-04-02T10:18:35","date_gmt":"2025-04-02T08:18:35","guid":{"rendered":"http:\/\/tesolclim.com\/?page_id=21"},"modified":"2025-04-22T07:41:31","modified_gmt":"2025-04-22T05:41:31","slug":"contacto","status":"publish","type":"page","link":"https:\/\/tesolclim.com\/?page_id=21","title":{"rendered":"Contacto"},"content":{"rendered":"\n<div style=\"height:49px\" aria-hidden=\"true\" class=\"wp-block-spacer\"><\/div>\n\n\n\n<div class=\"wp-block-columns are-vertically-aligned-top is-layout-flex wp-container-core-columns-is-layout-28f84493 wp-block-columns-is-layout-flex\">\n<div class=\"wp-block-column is-layout-flow wp-block-column-is-layout-flow\">\n<div style=\"height:100px\" aria-hidden=\"true\" class=\"wp-block-spacer\"><\/div>\n<\/div>\n\n\n\n<div class=\"wp-block-column is-layout-flow wp-block-column-is-layout-flow\">\n<div style=\"height:100px\" aria-hidden=\"true\" class=\"wp-block-spacer\"><\/div>\n<\/div>\n\n\n\n<div class=\"wp-block-column is-vertically-aligned-top is-layout-flow wp-block-column-is-layout-flow\" style=\"flex-basis:33.33%\">\n<h4 class=\"wp-block-heading\">Encu\u00e9ntranos<\/h4>\n\n\n\n<p><strong>C\/ Los Castillos N\u00ba3 \u2013 04009 Almer\u00eda, Los Molinos<\/strong><\/p>\n\n\n\n<hr class=\"wp-block-separator has-alpha-channel-opacity is-style-wide\"\/>\n\n\n\n<h4 class=\"wp-block-heading\">Cont\u00e1ctanos<\/h4>\n\n\n\n<p><strong>Joaqu\u00edn<\/strong><br><strong>950 08 17 69 \/ 664 01 04 99<br>Lunes \u2013 Viernes, 8:00-22:00<\/strong><\/p>\n\n\n\n<hr class=\"wp-block-separator has-alpha-channel-opacity is-style-wide\"\/>\n\n\n\n<h4 class=\"wp-block-heading\">Informaci\u00f3n Legal<\/h4>\n\n\n\n<p><strong>Tesolclim S.L<br>C\u00f3digo Fiscal: 12345678<\/strong><\/p>\n<\/div>\n\n\n\n<div class=\"wp-block-column is-layout-flow wp-block-column-is-layout-flow\">\n<div style=\"height:100px\" aria-hidden=\"true\" class=\"wp-block-spacer\"><\/div>\n<\/div>\n\n\n\n<div class=\"wp-block-column is-layout-flow wp-block-column-is-layout-flow\">\n<div style=\"height:100px\" aria-hidden=\"true\" class=\"wp-block-spacer\"><\/div>\n<\/div>\n\n\n\n<div class=\"wp-block-column is-layout-flow wp-block-column-is-layout-flow\">\n<div style=\"height:100px\" aria-hidden=\"true\" class=\"wp-block-spacer\"><\/div>\n<\/div>\n\n\n\n<div class=\"wp-block-column is-layout-flow wp-block-column-is-layout-flow\">\n<div style=\"height:100px\" aria-hidden=\"true\" class=\"wp-block-spacer\"><\/div>\n<\/div>\n\n\n\n<div class=\"wp-block-column is-layout-flow wp-block-column-is-layout-flow\">\n<div style=\"height:100px\" aria-hidden=\"true\" class=\"wp-block-spacer\"><\/div>\n\n\n\n<div style=\"height:100px\" aria-hidden=\"true\" class=\"wp-block-spacer\"><\/div>\n\n\n\n<div style=\"height:100px\" aria-hidden=\"true\" class=\"wp-block-spacer\"><\/div>\n<\/div>\n\n\n\n<div class=\"wp-block-column is-layout-flow wp-block-column-is-layout-flow\">\n<div style=\"height:100px\" aria-hidden=\"true\" class=\"wp-block-spacer\"><\/div>\n<\/div>\n\n\n\n<div class=\"wp-block-column is-layout-flow wp-block-column-is-layout-flow\">\n<div style=\"height:100px\" aria-hidden=\"true\" class=\"wp-block-spacer\"><\/div>\n<\/div>\n\n\n\n<div class=\"wp-block-column is-layout-flow wp-block-column-is-layout-flow\">\n<div style=\"height:100px\" aria-hidden=\"true\" class=\"wp-block-spacer\"><\/div>\n<\/div>\n\n\n\n<div class=\"wp-block-column is-layout-flow wp-block-column-is-layout-flow\"><\/div>\n\n\n\n<div class=\"wp-block-column is-layout-flow wp-block-column-is-layout-flow\">\n<div style=\"height:100px\" aria-hidden=\"true\" class=\"wp-block-spacer\"><\/div>\n<\/div>\n\n\n\n<div class=\"wp-block-column is-layout-flow wp-block-column-is-layout-flow\">\n<div style=\"height:100px\" aria-hidden=\"true\" class=\"wp-block-spacer\"><\/div>\n<\/div>\n\n\n\n<div class=\"wp-block-column is-vertically-aligned-top is-layout-flow wp-block-column-is-layout-flow\" style=\"flex-basis:66.66%\"><p><font family='Arial', size='11px', color='#11AEEF'><b>Formulario de Contacto<\/b><\/font><\/p>\n<hr width='70%', align='left'>\n\n<div class=\"wpcf7 no-js\" id=\"wpcf7-f407-o1\" lang=\"es-ES\" dir=\"ltr\" data-wpcf7-id=\"407\">\n<div class=\"screen-reader-response\"><p role=\"status\" aria-live=\"polite\" aria-atomic=\"true\"><\/p> <ul><\/ul><\/div>\n<form action=\"\/index.php?rest_route=%2Fwp%2Fv2%2Fpages%2F21#wpcf7-f407-o1\" method=\"post\" class=\"wpcf7-form init\" aria-label=\"Formulario de contacto\" novalidate=\"novalidate\" data-status=\"init\">\n<fieldset class=\"hidden-fields-container\"><input type=\"hidden\" name=\"_wpcf7\" value=\"407\" \/><input type=\"hidden\" name=\"_wpcf7_version\" value=\"6.1.5\" \/><input type=\"hidden\" name=\"_wpcf7_locale\" value=\"es_ES\" \/><input type=\"hidden\" name=\"_wpcf7_unit_tag\" value=\"wpcf7-f407-o1\" \/><input type=\"hidden\" name=\"_wpcf7_container_post\" value=\"0\" \/><input type=\"hidden\" name=\"_wpcf7_posted_data_hash\" value=\"\" \/>\n<\/fieldset>\n<p><label> Tu nombre<br \/>\n<span class=\"wpcf7-form-control-wrap\" data-name=\"your-name\"><input size=\"40\" maxlength=\"400\" class=\"wpcf7-form-control wpcf7-text wpcf7-validates-as-required\" autocomplete=\"name\" aria-required=\"true\" aria-invalid=\"false\" value=\"\" type=\"text\" name=\"your-name\" \/><\/span> <\/label>\n<\/p>\n<p><label> Tu correo electr\u00f3nico<br \/>\n<span class=\"wpcf7-form-control-wrap\" data-name=\"your-email\"><input size=\"40\" maxlength=\"400\" class=\"wpcf7-form-control wpcf7-email wpcf7-validates-as-required wpcf7-text wpcf7-validates-as-email\" autocomplete=\"email\" aria-required=\"true\" aria-invalid=\"false\" value=\"\" type=\"email\" name=\"your-email\" \/><\/span> <\/label>\n<\/p>\n<p><label> Asunto<\/label><br \/>\n<span class=\"wpcf7-form-control-wrap\" data-name=\"select-894\"><select class=\"wpcf7-form-control wpcf7-select\" aria-invalid=\"false\" name=\"select-894\"><option value=\"\">Elija una opci\u00f3n<\/option><option value=\"Atenci\u00f3n al cliente\">Atenci\u00f3n al cliente<\/option><option value=\"Solicitar servicio\">Solicitar servicio<\/option><\/select><\/span>\n<\/p>\n<p><label> Comentarios<br \/>\n<span class=\"wpcf7-form-control-wrap\" data-name=\"your-message\"><textarea cols=\"40\" rows=\"10\" maxlength=\"2000\" class=\"wpcf7-form-control wpcf7-textarea\" aria-invalid=\"false\" name=\"your-message\"><\/textarea><\/span> <\/label>\n<\/p>\n<p><input class=\"wpcf7-form-control wpcf7-submit has-spinner\" type=\"submit\" value=\"Enviar\" \/>\n<\/p><p style=\"display: none !important;\" class=\"akismet-fields-container\" data-prefix=\"_wpcf7_ak_\"><label>&#916;<textarea name=\"_wpcf7_ak_hp_textarea\" cols=\"45\" rows=\"8\" maxlength=\"100\"><\/textarea><\/label><input type=\"hidden\" id=\"ak_js_1\" name=\"_wpcf7_ak_js\" value=\"24\"\/><script>\ndocument.getElementById( \"ak_js_1\" ).setAttribute( \"value\", ( new Date() ).getTime() );\n<\/script>\n<\/p><div class=\"wpcf7-response-output\" aria-hidden=\"true\"><\/div>\n<\/form>\n<\/div>\n<\/p>\n<\/div>\n<\/div>\n\n\n\n<div style=\"height:100px\" aria-hidden=\"true\" class=\"wp-block-spacer\"><\/div>\n\n\n\n<div style=\"height:100px\" aria-hidden=\"true\" class=\"wp-block-spacer\"><\/div>\n","protected":false},"excerpt":{"rendered":"<p>Encu\u00e9ntranos C\/ Los Castillos N\u00ba3 \u2013 04009 Almer\u00eda, Los Molinos Cont\u00e1ctanos Joaqu\u00edn950 08 17 69 \/ 664 01 04 99Lunes \u2013 Viernes, 8:00-22:00 Informaci\u00f3n Legal Tesolclim S.LC\u00f3digo Fiscal: 12345678<\/p>\n","protected":false},"author":1,"featured_media":0,"parent":0,"menu_order":0,"comment_status":"closed","ping_status":"closed","template":"","meta":{"footnotes":""},"class_list":["post-21","page","type-page","status-publish","hentry"],"yoast_head":"<!-- This site is optimized with the Yoast SEO plugin v27.5 - https:\/\/yoast.com\/product\/yoast-seo-wordpress\/ -->\n<title>Contacto - Tesolclim<\/title>\n<meta name=\"robots\" content=\"index, follow, max-snippet:-1, max-image-preview:large, max-video-preview:-1\" \/>\n<link rel=\"canonical\" href=\"https:\/\/tesolclim.com\/?page_id=21\" \/>\n<meta property=\"og:locale\" content=\"es_ES\" \/>\n<meta property=\"og:type\" content=\"article\" \/>\n<meta property=\"og:title\" content=\"Contacto - Tesolclim\" \/>\n<meta property=\"og:description\" content=\"Encu\u00e9ntranos C\/ Los Castillos N\u00ba3 \u2013 04009 Almer\u00eda, Los Molinos Cont\u00e1ctanos Joaqu\u00edn950 08 17 69 \/ 664 01 04 99Lunes \u2013 Viernes, 8:00-22:00 Informaci\u00f3n Legal Tesolclim S.LC\u00f3digo Fiscal: 12345678\" \/>\n<meta property=\"og:url\" content=\"https:\/\/tesolclim.com\/?page_id=21\" \/>\n<meta property=\"og:site_name\" content=\"Tesolclim\" \/>\n<meta property=\"article:modified_time\" content=\"2025-04-22T05:41:31+00:00\" \/>\n<meta name=\"twitter:card\" content=\"summary_large_image\" \/>\n<meta name=\"twitter:label1\" content=\"Tiempo de lectura\" \/>\n\t<meta name=\"twitter:data1\" content=\"1 minuto\" \/>\n<script type=\"application\/ld+json\" class=\"yoast-schema-graph\">{\"@context\":\"https:\\\/\\\/schema.org\",\"@graph\":[{\"@type\":\"WebPage\",\"@id\":\"https:\\\/\\\/tesolclim.com\\\/?page_id=21\",\"url\":\"https:\\\/\\\/tesolclim.com\\\/?page_id=21\",\"name\":\"Contacto - Tesolclim\",\"isPartOf\":{\"@id\":\"https:\\\/\\\/tesolclim.com\\\/#website\"},\"datePublished\":\"2025-04-02T08:18:35+00:00\",\"dateModified\":\"2025-04-22T05:41:31+00:00\",\"breadcrumb\":{\"@id\":\"https:\\\/\\\/tesolclim.com\\\/?page_id=21#breadcrumb\"},\"inLanguage\":\"es\",\"potentialAction\":[{\"@type\":\"ReadAction\",\"target\":[\"https:\\\/\\\/tesolclim.com\\\/?page_id=21\"]}]},{\"@type\":\"BreadcrumbList\",\"@id\":\"https:\\\/\\\/tesolclim.com\\\/?page_id=21#breadcrumb\",\"itemListElement\":[{\"@type\":\"ListItem\",\"position\":1,\"name\":\"Portada\",\"item\":\"https:\\\/\\\/tesolclim.com\\\/\"},{\"@type\":\"ListItem\",\"position\":2,\"name\":\"Contacto\"}]},{\"@type\":\"WebSite\",\"@id\":\"https:\\\/\\\/tesolclim.com\\\/#website\",\"url\":\"https:\\\/\\\/tesolclim.com\\\/\",\"name\":\"Tesolclim\",\"description\":\"\",\"publisher\":{\"@id\":\"https:\\\/\\\/tesolclim.com\\\/#organization\"},\"potentialAction\":[{\"@type\":\"SearchAction\",\"target\":{\"@type\":\"EntryPoint\",\"urlTemplate\":\"https:\\\/\\\/tesolclim.com\\\/?s={search_term_string}\"},\"query-input\":{\"@type\":\"PropertyValueSpecification\",\"valueRequired\":true,\"valueName\":\"search_term_string\"}}],\"inLanguage\":\"es\"},{\"@type\":\"Organization\",\"@id\":\"https:\\\/\\\/tesolclim.com\\\/#organization\",\"name\":\"Tesolclim\",\"url\":\"https:\\\/\\\/tesolclim.com\\\/\",\"logo\":{\"@type\":\"ImageObject\",\"inLanguage\":\"es\",\"@id\":\"https:\\\/\\\/tesolclim.com\\\/#\\\/schema\\\/logo\\\/image\\\/\",\"url\":\"https:\\\/\\\/tesolclim.com\\\/wp-content\\\/uploads\\\/2025\\\/04\\\/Logo-Tesolclim-en-negro-e1744006040389.png\",\"contentUrl\":\"https:\\\/\\\/tesolclim.com\\\/wp-content\\\/uploads\\\/2025\\\/04\\\/Logo-Tesolclim-en-negro-e1744006040389.png\",\"width\":2404,\"height\":645,\"caption\":\"Tesolclim\"},\"image\":{\"@id\":\"https:\\\/\\\/tesolclim.com\\\/#\\\/schema\\\/logo\\\/image\\\/\"}}]}<\/script>\n<!-- \/ Yoast SEO plugin. -->","yoast_head_json":{"title":"Contacto - Tesolclim","robots":{"index":"index","follow":"follow","max-snippet":"max-snippet:-1","max-image-preview":"max-image-preview:large","max-video-preview":"max-video-preview:-1"},"canonical":"https:\/\/tesolclim.com\/?page_id=21","og_locale":"es_ES","og_type":"article","og_title":"Contacto - Tesolclim","og_description":"Encu\u00e9ntranos C\/ Los Castillos N\u00ba3 \u2013 04009 Almer\u00eda, Los Molinos Cont\u00e1ctanos Joaqu\u00edn950 08 17 69 \/ 664 01 04 99Lunes \u2013 Viernes, 8:00-22:00 Informaci\u00f3n Legal Tesolclim S.LC\u00f3digo Fiscal: 12345678","og_url":"https:\/\/tesolclim.com\/?page_id=21","og_site_name":"Tesolclim","article_modified_time":"2025-04-22T05:41:31+00:00","twitter_card":"summary_large_image","twitter_misc":{"Tiempo de lectura":"1 minuto"},"schema":{"@context":"https:\/\/schema.org","@graph":[{"@type":"WebPage","@id":"https:\/\/tesolclim.com\/?page_id=21","url":"https:\/\/tesolclim.com\/?page_id=21","name":"Contacto - Tesolclim","isPartOf":{"@id":"https:\/\/tesolclim.com\/#website"},"datePublished":"2025-04-02T08:18:35+00:00","dateModified":"2025-04-22T05:41:31+00:00","breadcrumb":{"@id":"https:\/\/tesolclim.com\/?page_id=21#breadcrumb"},"inLanguage":"es","potentialAction":[{"@type":"ReadAction","target":["https:\/\/tesolclim.com\/?page_id=21"]}]},{"@type":"BreadcrumbList","@id":"https:\/\/tesolclim.com\/?page_id=21#breadcrumb","itemListElement":[{"@type":"ListItem","position":1,"name":"Portada","item":"https:\/\/tesolclim.com\/"},{"@type":"ListItem","position":2,"name":"Contacto"}]},{"@type":"WebSite","@id":"https:\/\/tesolclim.com\/#website","url":"https:\/\/tesolclim.com\/","name":"Tesolclim","description":"","publisher":{"@id":"https:\/\/tesolclim.com\/#organization"},"potentialAction":[{"@type":"SearchAction","target":{"@type":"EntryPoint","urlTemplate":"https:\/\/tesolclim.com\/?s={search_term_string}"},"query-input":{"@type":"PropertyValueSpecification","valueRequired":true,"valueName":"search_term_string"}}],"inLanguage":"es"},{"@type":"Organization","@id":"https:\/\/tesolclim.com\/#organization","name":"Tesolclim","url":"https:\/\/tesolclim.com\/","logo":{"@type":"ImageObject","inLanguage":"es","@id":"https:\/\/tesolclim.com\/#\/schema\/logo\/image\/","url":"https:\/\/tesolclim.com\/wp-content\/uploads\/2025\/04\/Logo-Tesolclim-en-negro-e1744006040389.png","contentUrl":"https:\/\/tesolclim.com\/wp-content\/uploads\/2025\/04\/Logo-Tesolclim-en-negro-e1744006040389.png","width":2404,"height":645,"caption":"Tesolclim"},"image":{"@id":"https:\/\/tesolclim.com\/#\/schema\/logo\/image\/"}}]}},"_links":{"self":[{"href":"https:\/\/tesolclim.com\/index.php?rest_route=\/wp\/v2\/pages\/21","targetHints":{"allow":["GET"]}}],"collection":[{"href":"https:\/\/tesolclim.com\/index.php?rest_route=\/wp\/v2\/pages"}],"about":[{"href":"https:\/\/tesolclim.com\/index.php?rest_route=\/wp\/v2\/types\/page"}],"author":[{"embeddable":true,"href":"https:\/\/tesolclim.com\/index.php?rest_route=\/wp\/v2\/users\/1"}],"replies":[{"embeddable":true,"href":"https:\/\/tesolclim.com\/index.php?rest_route=%2Fwp%2Fv2%2Fcomments&post=21"}],"version-history":[{"count":34,"href":"https:\/\/tesolclim.com\/index.php?rest_route=\/wp\/v2\/pages\/21\/revisions"}],"predecessor-version":[{"id":428,"href":"https:\/\/tesolclim.com\/index.php?rest_route=\/wp\/v2\/pages\/21\/revisions\/428"}],"wp:attachment":[{"href":"https:\/\/tesolclim.com\/index.php?rest_route=%2Fwp%2Fv2%2Fmedia&parent=21"}],"curies":[{"name":"wp","href":"https:\/\/api.w.org\/{rel}","templated":true}]}}